pose -l + 2 = -j. What is the remainder when ((-2)/8)/(j/(-1064)) is divided by 5?
4
Calculate the remainder when ((-6)/(-5))/((-1)/(5950/(-21))) is divided by ((-6)/(-8))/(12*(-9)/(-8208)).
55
Suppose -1189*d + 1155*d = -1802. Calculate the remainder when 253 is divided by d.
41
Let o = 735 + -363. Let k = o - 175. Suppose -k = -4*z - 49. Calculate the remainder when z is divided by 10.
7
Let s = -13 + 80. Let w = 369064 - 369041. Calculate the remainder when s is divided by w.
21
Suppose -43*u + 1366 + 884 = 47*u. Suppose z = -0*z + w, -8 = -4*w. Let a = z - -7. What is the remainder when u is divided by a?
7
Let d(i) = 2*i**2 + 3*i - 9. Let j be (-4)/(-20)*-1 - (-24)/(-5). Let u(t) = -3*t**3 + t**2 + 4*t - 1. What is the remainder when u(-3) is divided by d(j)?
25
Let k = 838 - 698. Calculate the remainder when k is divided by 51.
38
Let x(r) = 9*r**3 - 11*r**2 + 31*r + 1. Calculate the remainder when x(3) is divided by 51.
34
Suppose -9*z + 15240 = 24*z - 22413. Calculate the remainder when z is divided by 142.
5
Let i(w) = 2*w**3 - 15*w**2 + w - 14. Let h be i(7). Let n = h - -79. Calculate the remainder when 125 is divided by n.
10
Let s = 66 + -39. Suppose -11 = -d - 15*g + 10*g, 0 = 4*d - 5*g - 19. Let c(k) = -k**3 + 9*k**2 + 12*k - 19. Calculate the remainder when c(d) is divided by s.
26
Let d = -25437 + 25466. What is the remainder when (-4 + 1)*(-2 + -239) is divided by d?
27
Let v = 94244 + -94170. Calculate the remainder when v is divided by (-7*1*-1)/1.
4
Let a = 3400 + -3356. Calculate the remainder when a is divided by 35.
9
Let g(q) = 4*q + 25. Let z be g(-6). Let s = -59 - z. Calculate the remainder when ((-8)/(-6))/((-16)/s) is divided by 3.
2
Suppose -3*r - 1557 = -1710. Calculate the remainder when r is divided by 26.
25
Let a = 33677 - 33640. Suppose 3*s - 60 = -s. Let h = 4 + s. Calculate the remainder when a is divided by h.
18
Calculate the remainder when 100 is divided by (-1)/2*4*(-16)/24*6.
4
Let g = 227 - -457. Suppose -6*k + g - 246 = 0. What is the remainder when k is divided by 37?
36
Let k(t) = -202*t + 17. What is the remainder when k(-2) is divided by 79?
26
Let g(p) = 20*p + 14 + 12 + 14 - 36. Let b be g(6). Let t = -120 + b. Calculate the remainder when 10 is divided by t.
2
What is the remainder when 217 is divided by (6/(-4))/((-1785)/(-112) - 16)?
1
Suppose -2 = z - 3. Calculate the remainder when 53 is divided by 28/(-7)*((-30)/4)/z.
23
Let t(v) = 3*v + 13. Let y(b) = 10*b + 39. Let f(d) = 8*t(d) - 3*y(d). Suppose 0 = -2*n - 4 - 6. Calculate the remainder when 32 is divided by f(n).
15
Let h(v) = -82*v - 2434. Calculate the remainder when 721 is divided by h(-30).
19
Suppose -600 = -23*v + 251. Suppose 4*j + 21 = c, j + 4*j + 90 = 5*c. What is the remainder when v is divided by c?
3
Let u = -25166 + 25412. What is the remainder when 958 is divided by u?
220
Let i(h) = -h**2 + h + 1. Let z(d) = 17*d**3 - 3*d**2 + 4*d + 14. Let o(l) = 5*i(l) - z(l). Calculate the remainder when o(-3) is divided by 48.
45
What is the remainder when (-78)/9*(-92 - -50) is divided by 120?
4
What is the remainder when 3975 is divided by 130/2*((-221)/(-65))/17?
10
What is the remainder when 632 is divided by (46 - 2) + -1 + -8*(-7)/(-14)?
8
Suppose 0 = -239*x - 159*x + 14610 + 2106. What is the remainder when 598/5 - 4/(-10) is divided by x?
36
Let c(i) = 3*i**3 + i**2 - i + 4. Let o be c(2). Suppose o*n - 644 = 28*n. What is the remainder when n is divided by 18?
16
Suppose 210 = -2*a + 3*g, -5*a - 198 = 4*g + 327. Let h = 136 + a. What is the remainder when h is divided by 11?
9
Suppose 0 = 64*t - 40*t - 11328. What is the remainder when t is divided by 98?
80
Let f(z) = 59*z**3 - z**2 + z. Suppose -693*k + 105*k + 46452 = 0. What is the remainder when k is divided by f(1)?
20
Suppose 20*i = 59*i + 33*i - 6336. Calculate the remainder when 521 is divided by i.
81
Let q = 2040 - 2025. Calculate the remainder when 85 is divided by q.
10
Let h(a) = 4*a**2 + 26*a - 130. What is the remainder when 543 is divided by h(-12)?
7
Let o = 40 + -33. Suppose -o*x + 15 = -41. Let j(d) = -d**3 + 9*d**2 - 6*d - 14. What is the remainder when 5 is divided by j(x)?
1
Suppose 109*b - 20182 + 1741 - 525 = 0. What is the remainder when b is divided by 63?
48
What is the remainder when 1599 is divided by (0 + 4)/(((-10)/(-48))/((-5750)/(-690)))?
159
Let v = 4380 - 4339. What is the remainder when 289 is divided by v?
2
Let r be 3260/180 - 1/9. Suppose 2264 + 1516 = r*s. Calculate the remainder when s is divided by 54.
48
Let p = 4494 + -4446. What is the remainder when 2012 is divided by p?
44
Let m(t) = 130*t - 1169. Calculate the remainder when 3536 is divided by m(10).
130
Let w = -1222 - -1592. Calculate the remainder when w is divided by 59.
16
Let u = 25 + -24. Let x be (-16)/(-6)*((-20)/(-8) - u). Suppose 2*b = 3*h - 14 - 86, 136 = x*h - 4*b. Calculate the remainder when 61 is divided by h.
29
What is the remainder when 53535/25 - 2/4*(-12)/(-15) is divided by 69?
2
Let i(w) = 2*w**2 - 6*w - 3. Let a = 37 + -32. What is the remainder when i(a) is divided by 12?
5
Let l = 34 - 2. What is the remainder when l is divided by 20*(-34 + 50 + -15)?
12
What is the remainder when 310*65/40 + 2/8 is divided by 13?
10
Let w be ((-34)/(-4))/((-3)/(-6)). Let l = w + -2. Calculate the remainder when (-1)/(-3 - -4) - -60 is divided by l.
14
Let f = 13376 - 9082. What is the remainder when f is divided by 25?
19
Suppose 3*q - 5*o - 501 = 0, -3*q = o - 112 - 371. Suppose -19*w = -q - 28. What is the remainder when 257 is divided by w?
7
Calculate the remainder when 5164 is divided by 3 - (3*8/(-60))/(1/95).
39
Let p = 138 - 67. Let y = 74 - p. Suppose u + 4*u = -y*x + 366, 2*x + u - 237 = 0. What is the remainder when x is divided by 40?
37
Suppose 0 = 19*d - 10*d - 18. Suppose -s + 46 + d = 0. Suppose 0 = 6*l - 7*l + s. What is the remainder when l is divided by 13?
9
Suppose -2794 = -78*q + 1571 + 4761. What is the remainder when 1082 is divided by q?
29
Let x(w) = -6*w**2 + 43*w - 31. Calculate the remainder when 624 is divided by x(5).
12
Let l(i) = 50*i - 435. What is the remainder when 1404 is divided by l(9)?
9
Suppose -2*l + 3*f - 34 = 0, 3*l + 98 = -2*f + 34. Let n be 3 - (l/90 + (-58)/(-18)). Calculate the remainder when (-14 - n)/((18/15)/(-3)) is divided by 19.
16
Let b(g) = 2*g**2 - 5*g - 9. What is the remainder when b(-6) is divided by 17 + (81/54 - (-1)/2)?
17
Let m(s) = 3*s - 33. Let w be m(11). Suppose -3*q - 3*d = -567, -2*q + d - 2*d + 378 = w. Let g(a) = 38*a**2. What is the remainder when q is divided by g(-1)?
37
Suppose -488*r + 497*r - 1233 = 0. Calculate the remainder when 1506 is divided by r.
136
Let r(b) = 128*b - 580. Calculate the remainder when r(5) is divided by 31.
29
Suppose 15816 = 14*l + 2866. Calculate the remainder when l is divided by 116.
113
Suppose 5*w - 7050 = -50*i + 45*i, -w + 5646 = 4*i. Calculate the remainder when i is divided by 37.
6
Let s(x) = 34*x + 34. Let d be s(9). Suppose -179*t + 169*t = -d. What is the remainder when 165 is divided by t?
29
Suppose 3*c + 252 - 147 = 5*z, 4*z - c - 84 = 0. Let i(x) = x**2 - x - 45. Let h be i(0). Calculate the remainder when 2/(-15) + (-2796)/h is divided by z.
20
Let r = 141 - 131. What is the remainder when (45 - 23)*r/4 is divided by 29?
26
Suppose -1371 = 84*i - 4815. Calculate the remainder when 1262 is divided by i.
32
Let s be -2*3/((-30)/155). Suppose -32 - s = -3*u. Suppose u*i - 53 = 20*i. Calculate the remainder when 208 is divided by i.
49
Let u(o) = o**3 + 38*o**2 - 174*o - 38. Calculate the remainder when 793 is divided by u(-42).
151
Let v = -186 - -202. Calculate the remainder when 199 is divided by v.
7
Suppose 6*m = 2*m + 1068. Let w = -156 + m. Suppose -95 + 8 = -3*o. Calculate the remainder when w is divided by o.
24
Suppose -3*j = 3*y - 4140, 3*j = 1 + 8. Suppose -11*f + 229 = -y. What is the remainder when f is divided by 75?
71
Let g = 2387 - 723. What is the remainder when g/10 + (-10)/100*-6 is divided by 14?
13
Let j(y) = 9*y - 6. Let w = -101279 - -101637. What is the remainder when w is divided by j(4)?
28
Suppose -4*y - l = -302, 5*l + 162 = 13*y - 11*y. Suppose -2*d = 3*g - 70, -2*d - 16 = -2*g - y. What is the remainder when 766